e prime factors of 290.
2, 5, 29
What are the prime factors of 1216?
2, 19
List the prime factors of 3451.
7, 17, 29
List the prime factors of 1590.
2, 3, 5, 53
List the prime factors of 1925.
5, 7, 11
List the prime factors of 4487.
7, 641
List the prime factors of 14525.
5, 7, 83
List the prime factors of 40893.
3, 43, 317
List the prime factors of 44004.
2, 3, 19, 193
List the prime factors of 11304.
2, 3, 157
What are the prime factors of 17753?
41, 433
What are the prime factors of 2151?
3, 239
What are the prime factors of 29439?
3, 3271
List the prime factors of 552.
2, 3, 23
What are the prime factors of 16717?
73, 229
List the prime factors of 12381.
3, 4127
What are the prime factors of 7989?
3, 2663
List the prime factors of 63729.
3, 73, 97
List the prime factors of 121.
11
What are the prime factors of 344?
2, 43
List the prime factors of 663.
3, 13, 17
List the prime factors of 517.
11, 47
What are the prime factors of 8490?
2, 3, 5, 283
What are the prime factors of 6056?
2, 757
What are the prime factors of 15509?
13, 1193
What are the prime factors of 5091?
3, 1697
What are the prime factors of 7207?
7207
What are the prime factors of 6719?
6719
What are the prime factors of 932?
2, 233
List the prime factors of 42236.
2, 10559
List the prime factors of 15293.
41, 373
What are the prime factors of 1150?
2, 5, 23
What are the prime factors of 844?
2, 211
What are the prime factors of 39753?
3, 7, 631
What are the prime factors of 33984?
2, 3, 59
List the prime factors of 23202.
2, 3, 1289
What are the prime factors of 59164?
2, 7, 2113
List the prime factors of 133.
7, 19
List the prime factors of 863.
863
What are the prime factors of 219?
3, 73
List the prime factors of 8550.
2, 3, 5, 19
What are the prime factors of 199?
199
List the prime factors of 1081.
23, 47
What are the prime factors of 12084?
2, 3, 19, 53
What are the prime factors of 75?
3, 5
List the prime factors of 14177.
14177
What are the prime factors of 45208?
2, 5651
List the prime factors of 24121.
24121
What are the prime factors of 62?
2, 31
List the prime factors of 7910.
2, 5, 7, 113
List the prime factors of 425.
5, 17
List the prime factors of 4014.
2, 3, 223
List the prime factors of 9221.
9221
What are the prime factors of 1344?
2, 3, 7
List the prime factors of 1487.
1487
List the prime factors of 3382.
2, 19, 89
What are the prime factors of 5817?
3, 7, 277
List the prime factors of 14229.
3, 17, 31
What are the prime factors of 1288?
2, 7, 23
What are the prime factors of 20257?
47, 431
List the prime factors of 22099.
7, 11, 41
What are the prime factors of 2107?
7, 43
What are the prime factors of 33418?
2, 7, 11, 31
List the prime factors of 56283.
3, 73, 257
List the prime factors of 105486.
2, 3, 17581
List the prime factors of 6562.
2, 17, 193
List the prime factors of 316.
2, 79
What are the prime factors of 982?
2, 491
What are the prime factors of 3547?
3547
What are the prime factors of 1564?
2, 17, 23
What are the prime factors of 2762?
2, 1381
What are the prime factors of 36446?
2, 18223
What are the prime factors of 6178?
2, 3089
List the prime factors of 6882.
2, 3, 31, 37
What are the prime factors of 2684?
2, 11, 61
List the prime factors of 8206.
2, 11, 373
List the prime factors of 69476.
2, 11, 1579
List the prime factors of 38014.
2, 83, 229
What are the prime factors of 442?
2, 13, 17
What are the prime factors of 545?
5, 109
List the prime factors of 4471.
17, 263
List the prime factors of 170011.
197, 863
List the prime factors of 36509.
11, 3319
List the prime factors of 6.
2, 3
List the prime factors of 9573.
3, 3191
List the prime factors of 52010.
2, 5, 7, 743
List the prime factors of 556.
2, 139
What are the prime factors of 879?
3, 293
List the prime factors of 14532.
2, 3, 7, 173
What are the prime factors of 1790?
2, 5, 179
List the prime factors of 637.
7, 13
List the prime factors of 55662.
2, 3, 9277
List the prime factors of 16130.
2, 5, 1613
What are the prime factors of 22736?
2, 7, 29
What are the prime factors of 67322?
2, 41, 821
What are the prime factors of 17788?
2, 4447
What are the prime factors of 3140?
2, 5, 157
List the prime factors of 11239.
11239
List the prime factors of 36969.
3, 12323
What are the prime factors of 5703?
3, 1901
What are the prime factors of 14032?
2, 877
List the prime factors of 1090.
2, 5, 109
What are the prime factors of 20576?
2, 643
List the prime factors of 869.
11, 79
List the prime factors of 12565.
5, 7, 359
List the prime factors of 27310.
2, 5, 2731
List the prime factors of 21799.
21799
List the prime factors of 1529.
11, 139
What are the prime factors of 4786?
2, 2393
List the prime factors of 1324.
2, 331
What are the prime factors of 1303?
1303
What are the prime factors of 39501?
3, 7, 11, 19
List the prime factors of 5884.
2, 1471
What are the prime factors of 185073?
3, 7, 1259
List the prime factors of 3953.
59, 67
List the prime factors of 2685.
3, 5, 179
What are the prime factors of 225?
3, 5
List the prime factors of 59384.
2, 13, 571
What are the prime factors of 43080?
2, 3, 5, 359
What are the prime factors of 35665?
5, 7, 1019
What are the prime factors of 252?
2, 3, 7
What are the prime factors of 67013?
19, 3527
List the prime factors of 4182.
2, 3, 17, 41
What are the prime factors of 33997?
33997
What are the prime factors of 938?
2, 7, 67
List the prime factors of 1677.
3, 13, 43
What are the prime factors of 53917?
53917
What are the prime factors of 1949?
1949
List the prime factors of 8609.
8609
What are the prime factors of 1635?
3, 5, 109
List the prime factors of 3600.
2, 3, 5
What are the prime factors of 50601?
3, 101, 167
What are the prime factors of 91?
7, 13
What are the prime factors of 9960?
2, 3, 5, 83
What are the prime factors of 1279?
1279
List the prime factors of 118438.
2, 59219
What are the prime factors of 655?
5, 131
What are the prime factors of 109978?
2, 11, 4999
List the prime factors of 3313.
3313
List the prime factors of 21067.
21067
What are the prime factors of 7127?
7127
List the prime factors of 1775.
5, 71
List the prime factors of 140033.
233, 601
List the prime factors of 229.
229
List the prime factors of 3028.
2, 757
List the prime factors of 3075.
3, 5, 41
What are the prime factors of 360?
2, 3, 5
List the prime factors of 2286.
2, 3, 127
What are the prime factors of 508?
2, 127
What are the prime factors of 20489?
7, 2927
What are the prime factors of 208?
2, 13
What are the prime factors of 1189?
29, 41
What are the prime factors of 5290?
2, 5, 23
What are the prime factors of 311?
311
List the prime factors of 3672.
2, 3, 17
What are the prime factors of 11345?
5, 2269
List the prime factors of 29287.
29287
List the prime factors of 30735.
3, 5, 683
List the prime factors of 132.
2, 3, 11
What are the prime factors of 20229?
3, 11, 613
What are the prime factors of 259?
7, 37
What are the prime factors of 161149?
161149
List the prime factors of 2291.
29, 79
What are the prime factors of 763?
7, 109
What are the prime factors of 61991?
61991
What are the prime factors of 97414?
2, 53, 919
What are the prime factors of 14371?
7, 2053
What are the prime factors of 2187?
3
What are the prime factors of 1168?
2, 73
What are the prime factors of 5367?
3, 1789
List the prime factors of 3080.
2, 5, 7, 11
What are the prime factors of 9905?
5, 7, 283
List the prime factors of 33834.
2, 3, 5639
List the prime factors of 7210.
2, 5, 7, 103
List the prime factors of 1451.
1451
What are the prime factors of 1904?
2, 7, 17
What are the prime factors of 10793?
43, 251
What are the prime factors of 3879?
3, 431
What are the prime factors of 23507?
11, 2137
What are the prime factors of 708?
2, 3, 59
List the prime factors of 843.
3, 281
What are the prime factors of 468?
2, 3, 13
List the prime factors of 2527.
7, 19
What are the prime factors of 1217?
1217
What are the prime factors of 93231?
3, 1151
List the prime factors of 20092.
2, 5023
What are the prime factors of 18090?
2, 3, 5, 67
List the prime factors of 12324.
2, 3, 13, 79
List the prime factors of 12621.
3, 7, 601
What are the prime factors of 54497?
54497
What are the prime factors of 4807?
11, 19, 23
List the prime factors of 1113.
3, 7, 53
Wh